{"id":1136,"date":"2022-11-08T14:03:18","date_gmt":"2022-11-08T13:03:18","guid":{"rendered":"https:\/\/rafoldesalem.websaccesibles.eu\/entorno-natural\/"},"modified":"2022-12-12T15:37:09","modified_gmt":"2022-12-12T14:37:09","slug":"entorno-natural","status":"publish","type":"page","link":"https:\/\/rafoldesalem.es\/es\/turismo\/entorno-natural\/","title":{"rendered":"Entorno natural"},"content":{"rendered":"<!--themify_builder_content-->\n<div id=\"themify_builder_content-1136\" data-postid=\"1136\" class=\"themify_builder_content themify_builder_content-1136 themify_builder tf_clear\">\n                    <div  id=\"h1336\" data-lazy=\"1\" class=\"module_row themify_builder_row tb_p4pu925 tb_first tf_w\">\n                        <div class=\"row_inner col_align_top tb_col_count_1 tf_box tf_rel\">\n                        <div  data-lazy=\"1\" class=\"module_column tb-column col-full tb_7t6z925 first\">\n                    <!-- module text -->\n<div  class=\"module module-text tb_riqz925  repeat \" data-lazy=\"1\" id=\"h1165\">\n        <div  class=\"tb_text_wrap\">\n        <h1><span style=\"font-weight: normal;\">Entorno natural<\/span><\/h1>    <\/div>\n<\/div>\n<!-- \/module text -->        <\/div>\n                        <\/div>\n        <\/div>\n                        <div  data-lazy=\"1\" class=\"module_row themify_builder_row tb_wa03142 tf_w\">\n                        <div class=\"row_inner col_align_top tb_col_count_2 tf_box tf_rel\">\n                        <div  data-lazy=\"1\" class=\"module_column tb-column tb_8sx3142 first\">\n                    <!-- module text -->\n<div  class=\"module module-text tb_xh7h128   \" data-lazy=\"1\">\n        <div  class=\"tb_text_wrap\">\n        <p>El R\u00e0fol de Salem se encuentra al abrigo de la sierra del Benicadell, una de las monta\u00f1as m\u00e1s emblem\u00e1ticas del territorio valenciano. Se alarga de poniente a levante separando el Valle de Albaida, al norte, del Condado de Cocentaina, al sur. Benicadell hace referencia, tanto a la sierra como a la pe\u00f1a que la corona. Adem\u00e1s, se trata de un paisaje protegido por la Generalitat Valenciana.<\/p>\n<p>Subir al Benicadell desde R\u00e0fol o desde la casa forestal de Les Planisses es una excursi\u00f3n muy recomendable. El PR-CV 213.4 del R\u00e0fol es un brazalete de sendero que se integra en una red m\u00e1s extensa de senderos interconectados alrededor del sendero principal PR-CV 213, que recorren el coraz\u00f3n del Paraje Natural Protegido de la Umbr\u00eda del Benicadell. Para m\u00e1s informaci\u00f3n visite el siguiente enlace:<br \/>\n<a href=\"https:\/\/es.wikiloc.com\/wikiloc\/view.do?id=1627203\" target=\"_blank\" rel=\"noopener\">https:\/\/es.wikiloc.com\/wikiloc\/view.do?id=1627203<\/a><\/p>\n<p>Si empieza en R\u00e0fol y enlaza con el resto de senderos, descubrir\u00e1 parajes como la Serreta del R\u00e0fol \u2013que esconde un poblado \u00edbero- o la casa forestal de las Planisses. Si os atrev\u00e9is con la cima del Benicadell que est\u00e1 a 1104 metros de altitud (PR-CV 213.3), descubrir\u00e1 sin duda uno de los senderos m\u00e1s bonitos de la comarca por su valor natural, paisaj\u00edsticos, e incluso patrimonial como la nevera del Benicadell (S. XVII.).<\/p>\n<p>Aparte, tambi\u00e9n encontramos dentro del pueblo la senda del r\u00edo Missena y diversas fuentes naturales como la fuente del Hondo o la de l&#8217;Horta.<\/p>\n    <\/div>\n<\/div>\n<!-- \/module text -->        <\/div>\n                    <div  data-lazy=\"1\" class=\"module_column tb-column tb_5krm142 last\">\n                            <div  data-lazy=\"1\" class=\"module_subrow themify_builder_sub_row tf_w col_align_top tb_col_count_2 tb_kkct320\">\n                <div  data-lazy=\"1\" class=\"module_column sub_column tb_9m94321 first\">\n                    <!-- module image -->\n<div  class=\"module module-image tb_f5su336 image-center   tf_mw\" data-lazy=\"1\" id=\"h1362\">\n        <div class=\"image-wrap tf_rel tf_mw\">\n            <img loading=\"lazy\" decoding=\"async\" src=\"https:\/\/rafoldesalem.websaccesibles.eu\/wp-content\/uploads\/sites\/16\/2022\/11\/font_de_lhorta.png\" width=\"235\" height=\"235\" title=\"Entorno natural\" alt=\"Entorno natural\">    \n        <\/div>\n    <!-- \/image-wrap -->\n    \n        <\/div>\n<!-- \/module image -->        <\/div>\n                    <div  data-lazy=\"1\" class=\"module_column sub_column tb_b0ij321 last\">\n                    <!-- module image -->\n<div  class=\"module module-image tb_7per894 image-center   tf_mw\" data-lazy=\"1\" id=\"h1372\">\n        <div class=\"image-wrap tf_rel tf_mw\">\n            <img loading=\"lazy\" decoding=\"async\" src=\"https:\/\/rafoldesalem.websaccesibles.eu\/wp-content\/uploads\/sites\/16\/2022\/11\/font_de_fondo.png\" width=\"235\" height=\"235\" title=\"Entorno natural\" alt=\"Entorno natural\">    \n        <\/div>\n    <!-- \/image-wrap -->\n    \n        <\/div>\n<!-- \/module image -->        <\/div>\n                    <\/div>\n                <div  data-lazy=\"1\" class=\"module_subrow themify_builder_sub_row tf_w col_align_top tb_col_count_2 tb_idnd969\">\n                <div  data-lazy=\"1\" class=\"module_column sub_column tb_jyh5948 first\">\n                    <!-- module image -->\n<div  class=\"module module-image tb_h890633 image-center   tf_mw\" data-lazy=\"1\" id=\"h1373\">\n        <div class=\"image-wrap tf_rel tf_mw\">\n            <img loading=\"lazy\" decoding=\"async\" src=\"https:\/\/rafoldesalem.websaccesibles.eu\/wp-content\/uploads\/sites\/16\/2022\/11\/poble.png\" width=\"235\" height=\"235\" title=\"Entorno natural\" alt=\"Entorno natural\">    \n        <\/div>\n    <!-- \/image-wrap -->\n    \n        <\/div>\n<!-- \/module image -->        <\/div>\n                    <div  data-lazy=\"1\" class=\"module_column sub_column tb_f3n7970 last\">\n                    <!-- module image -->\n<div  class=\"module module-image tb_l2s9252 image-center   tf_mw\" data-lazy=\"1\" id=\"h1374\">\n        <div class=\"image-wrap tf_rel tf_mw\">\n            <img loading=\"lazy\" decoding=\"async\" src=\"https:\/\/rafoldesalem.websaccesibles.eu\/wp-content\/uploads\/sites\/16\/2022\/11\/riu_misena.png\" width=\"235\" height=\"235\" title=\"Entorno natural\" alt=\"Entorno natural\">    \n        <\/div>\n    <!-- \/image-wrap -->\n    \n        <\/div>\n<!-- \/module image -->        <\/div>\n                    <\/div>\n                <div  data-lazy=\"1\" class=\"module_subrow themify_builder_sub_row tf_w col_align_top tb_col_count_2 tb_fus9363\">\n                <div  data-lazy=\"1\" class=\"module_column sub_column tb_rvrd363 first\">\n                    <!-- module image -->\n<div  class=\"module module-image tb_9kb764 image-center   tf_mw\" data-lazy=\"1\" id=\"h1375\">\n        <div class=\"image-wrap tf_rel tf_mw\">\n            <img loading=\"lazy\" decoding=\"async\" src=\"https:\/\/rafoldesalem.websaccesibles.eu\/wp-content\/uploads\/sites\/16\/2022\/11\/senda_riu_misena.png\" width=\"235\" height=\"235\" title=\"Entorno natural\" alt=\"Entorno natural\">    \n        <\/div>\n    <!-- \/image-wrap -->\n    \n        <\/div>\n<!-- \/module image -->        <\/div>\n                    <div  data-lazy=\"1\" class=\"module_column sub_column tb_rry4363 last\">\n                    <!-- module image -->\n<div  class=\"module module-image tb_yql0316 image-center   tf_mw\" data-lazy=\"1\" id=\"h1376\">\n        <div class=\"image-wrap tf_rel tf_mw\">\n            <img loading=\"lazy\" decoding=\"async\" src=\"https:\/\/rafoldesalem.websaccesibles.eu\/wp-content\/uploads\/sites\/16\/2022\/11\/toll.png\" width=\"235\" height=\"235\" title=\"Entorno natural\" alt=\"Entorno natural\">    \n        <\/div>\n    <!-- \/image-wrap -->\n    \n        <\/div>\n<!-- \/module image -->        <\/div>\n                    <\/div>\n                <\/div>\n                        <\/div>\n        <\/div>\n        <\/div>\n<!--\/themify_builder_content-->","protected":false},"excerpt":{"rendered":"<p>Entorno natural El R\u00e0fol de Salem se encuentra al abrigo de la sierra del Benicadell, una de las monta\u00f1as m\u00e1s emblem\u00e1ticas del territorio valenciano. Se alarga de poniente a levante separando el Valle de Albaida, al norte, del Condado de Cocentaina, al sur. Benicadell hace referencia, tanto a la sierra como a la pe\u00f1a que [&hellip;]<\/p>\n","protected":false},"author":1,"featured_media":0,"parent":1430,"menu_order":0,"comment_status":"closed","ping_status":"closed","template":"","meta":{"footnotes":""},"class_list":["post-1136","page","type-page","status-publish","hentry","has-post-title","has-post-date","has-post-category","has-post-tag","has-post-comment","has-post-author",""],"builder_content":"<h1>Entorno natural<\/h1>\n<p>El R\u00e0fol de Salem se encuentra al abrigo de la sierra del Benicadell, una de las monta\u00f1as m\u00e1s emblem\u00e1ticas del territorio valenciano. Se alarga de poniente a levante separando el Valle de Albaida, al norte, del Condado de Cocentaina, al sur. Benicadell hace referencia, tanto a la sierra como a la pe\u00f1a que la corona. Adem\u00e1s, se trata de un paisaje protegido por la Generalitat Valenciana.<\/p> <p>Subir al Benicadell desde R\u00e0fol o desde la casa forestal de Les Planisses es una excursi\u00f3n muy recomendable. El PR-CV 213.4 del R\u00e0fol es un brazalete de sendero que se integra en una red m\u00e1s extensa de senderos interconectados alrededor del sendero principal PR-CV 213, que recorren el coraz\u00f3n del Paraje Natural Protegido de la Umbr\u00eda del Benicadell. Para m\u00e1s informaci\u00f3n visite el siguiente enlace:<br \/> <a href=\"https:\/\/es.wikiloc.com\/wikiloc\/view.do?id=1627203\" target=\"_blank\" rel=\"noopener\">https:\/\/es.wikiloc.com\/wikiloc\/view.do?id=1627203<\/a><\/p> <p>Si empieza en R\u00e0fol y enlaza con el resto de senderos, descubrir\u00e1 parajes como la Serreta del R\u00e0fol \u2013que esconde un poblado \u00edbero- o la casa forestal de las Planisses. Si os atrev\u00e9is con la cima del Benicadell que est\u00e1 a 1104 metros de altitud (PR-CV 213.3), descubrir\u00e1 sin duda uno de los senderos m\u00e1s bonitos de la comarca por su valor natural, paisaj\u00edsticos, e incluso patrimonial como la nevera del Benicadell (S. XVII.).<\/p> <p>Aparte, tambi\u00e9n encontramos dentro del pueblo la senda del r\u00edo Missena y diversas fuentes naturales como la fuente del Hondo o la de l'Horta.<\/p>\n<img src=\"https:\/\/rafoldesalem.websaccesibles.eu\/wp-content\/uploads\/sites\/16\/2022\/11\/font_de_lhorta.png\" width=\"235\" height=\"235\" title=\"Entorno natural\" alt=\"Entorno natural\">\n<img src=\"https:\/\/rafoldesalem.websaccesibles.eu\/wp-content\/uploads\/sites\/16\/2022\/11\/font_de_fondo.png\" width=\"235\" height=\"235\" title=\"Entorno natural\" alt=\"Entorno natural\">\n<img src=\"https:\/\/rafoldesalem.websaccesibles.eu\/wp-content\/uploads\/sites\/16\/2022\/11\/poble.png\" width=\"235\" height=\"235\" title=\"Entorno natural\" alt=\"Entorno natural\">\n<img src=\"https:\/\/rafoldesalem.websaccesibles.eu\/wp-content\/uploads\/sites\/16\/2022\/11\/riu_misena.png\" width=\"235\" height=\"235\" title=\"Entorno natural\" alt=\"Entorno natural\">\n<img src=\"https:\/\/rafoldesalem.websaccesibles.eu\/wp-content\/uploads\/sites\/16\/2022\/11\/senda_riu_misena.png\" width=\"235\" height=\"235\" title=\"Entorno natural\" alt=\"Entorno natural\">\n<img src=\"https:\/\/rafoldesalem.websaccesibles.eu\/wp-content\/uploads\/sites\/16\/2022\/11\/toll.png\" width=\"235\" height=\"235\" title=\"Entorno natural\" alt=\"Entorno natural\">","_links":{"self":[{"href":"https:\/\/rafoldesalem.es\/es\/wp-json\/wp\/v2\/pages\/1136","targetHints":{"allow":["GET"]}}],"collection":[{"href":"https:\/\/rafoldesalem.es\/es\/wp-json\/wp\/v2\/pages"}],"about":[{"href":"https:\/\/rafoldesalem.es\/es\/wp-json\/wp\/v2\/types\/page"}],"author":[{"embeddable":true,"href":"https:\/\/rafoldesalem.es\/es\/wp-json\/wp\/v2\/users\/1"}],"replies":[{"embeddable":true,"href":"https:\/\/rafoldesalem.es\/es\/wp-json\/wp\/v2\/comments?post=1136"}],"version-history":[{"count":19,"href":"https:\/\/rafoldesalem.es\/es\/wp-json\/wp\/v2\/pages\/1136\/revisions"}],"predecessor-version":[{"id":2804,"href":"https:\/\/rafoldesalem.es\/es\/wp-json\/wp\/v2\/pages\/1136\/revisions\/2804"}],"up":[{"embeddable":true,"href":"https:\/\/rafoldesalem.es\/es\/wp-json\/wp\/v2\/pages\/1430"}],"wp:attachment":[{"href":"https:\/\/rafoldesalem.es\/es\/wp-json\/wp\/v2\/media?parent=1136"}],"curies":[{"name":"wp","href":"https:\/\/api.w.org\/{rel}","templated":true}]}}

<!--themify_builder_content-->
<div id="themify_builder_content-1136" data-postid="1136" class="themify_builder_content themify_builder_content-1136 themify_builder tf_clear">
                    <div  id="h1336" data-lazy="1" class="module_row themify_builder_row tb_p4pu925 tb_first tf_w">
                        <div class="row_inner col_align_top tb_col_count_1 tf_box tf_rel">
                        <div  data-lazy="1" class="module_column tb-column col-full tb_7t6z925 first">
                    <!-- module text -->
<div  class="module module-text tb_riqz925  repeat " data-lazy="1" id="h1165">
        <div  class="tb_text_wrap">
        <h1><span style="font-weight: normal;">Entorno natural</span></h1>    </div>
</div>
<!-- /module text -->        </div>
                        </div>
        </div>
                        <div  data-lazy="1" class="module_row themify_builder_row tb_wa03142 tf_w">
                        <div class="row_inner col_align_top tb_col_count_2 tf_box tf_rel">
                        <div  data-lazy="1" class="module_column tb-column tb_8sx3142 first">
                    <!-- module text -->
<div  class="module module-text tb_xh7h128   " data-lazy="1">
        <div  class="tb_text_wrap">
        <p>El Ràfol de Salem se encuentra al abrigo de la sierra del Benicadell, una de las montañas más emblemáticas del territorio valenciano. Se alarga de poniente a levante separando el Valle de Albaida, al norte, del Condado de Cocentaina, al sur. Benicadell hace referencia, tanto a la sierra como a la peña que la corona. Además, se trata de un paisaje protegido por la Generalitat Valenciana.</p>
<p>Subir al Benicadell desde Ràfol o desde la casa forestal de Les Planisses es una excursión muy recomendable. El PR-CV 213.4 del Ràfol es un brazalete de sendero que se integra en una red más extensa de senderos interconectados alrededor del sendero principal PR-CV 213, que recorren el corazón del Paraje Natural Protegido de la Umbría del Benicadell. Para más información visite el siguiente enlace:<br />
<a href="https://es.wikiloc.com/wikiloc/view.do?id=1627203" target="_blank" rel="noopener">https://es.wikiloc.com/wikiloc/view.do?id=1627203</a></p>
<p>Si empieza en Ràfol y enlaza con el resto de senderos, descubrirá parajes como la Serreta del Ràfol –que esconde un poblado íbero- o la casa forestal de las Planisses. Si os atrevéis con la cima del Benicadell que está a 1104 metros de altitud (PR-CV 213.3), descubrirá sin duda uno de los senderos más bonitos de la comarca por su valor natural, paisajísticos, e incluso patrimonial como la nevera del Benicadell (S. XVII.).</p>
<p>Aparte, también encontramos dentro del pueblo la senda del río Missena y diversas fuentes naturales como la fuente del Hondo o la de l&#8217;Horta.</p>
    </div>
</div>
<!-- /module text -->        </div>
                    <div  data-lazy="1" class="module_column tb-column tb_5krm142 last">
                            <div  data-lazy="1" class="module_subrow themify_builder_sub_row tf_w col_align_top tb_col_count_2 tb_kkct320">
                <div  data-lazy="1" class="module_column sub_column tb_9m94321 first">
                    <!-- module image -->
<div  class="module module-image tb_f5su336 image-center   tf_mw" data-lazy="1" id="h1362">
        <div class="image-wrap tf_rel tf_mw">
            <img loading="lazy" decoding="async" src="https://rafoldesalem.websaccesibles.eu/wp-content/uploads/sites/16/2022/11/font_de_lhorta.png" width="235" height="235" title="Entorno natural" alt="Entorno natural">    
        </div>
    <!-- /image-wrap -->
    
        </div>
<!-- /module image -->        </div>
                    <div  data-lazy="1" class="module_column sub_column tb_b0ij321 last">
                    <!-- module image -->
<div  class="module module-image tb_7per894 image-center   tf_mw" data-lazy="1" id="h1372">
        <div class="image-wrap tf_rel tf_mw">
            <img loading="lazy" decoding="async" src="https://rafoldesalem.websaccesibles.eu/wp-content/uploads/sites/16/2022/11/font_de_fondo.png" width="235" height="235" title="Entorno natural" alt="Entorno natural">    
        </div>
    <!-- /image-wrap -->
    
        </div>
<!-- /module image -->        </div>
                    </div>
                <div  data-lazy="1" class="module_subrow themify_builder_sub_row tf_w col_align_top tb_col_count_2 tb_idnd969">
                <div  data-lazy="1" class="module_column sub_column tb_jyh5948 first">
                    <!-- module image -->
<div  class="module module-image tb_h890633 image-center   tf_mw" data-lazy="1" id="h1373">
        <div class="image-wrap tf_rel tf_mw">
            <img loading="lazy" decoding="async" src="https://rafoldesalem.websaccesibles.eu/wp-content/uploads/sites/16/2022/11/poble.png" width="235" height="235" title="Entorno natural" alt="Entorno natural">    
        </div>
    <!-- /image-wrap -->
    
        </div>
<!-- /module image -->        </div>
                    <div  data-lazy="1" class="module_column sub_column tb_f3n7970 last">
                    <!-- module image -->
<div  class="module module-image tb_l2s9252 image-center   tf_mw" data-lazy="1" id="h1374">
        <div class="image-wrap tf_rel tf_mw">
            <img loading="lazy" decoding="async" src="https://rafoldesalem.websaccesibles.eu/wp-content/uploads/sites/16/2022/11/riu_misena.png" width="235" height="235" title="Entorno natural" alt="Entorno natural">    
        </div>
    <!-- /image-wrap -->
    
        </div>
<!-- /module image -->        </div>
                    </div>
                <div  data-lazy="1" class="module_subrow themify_builder_sub_row tf_w col_align_top tb_col_count_2 tb_fus9363">
                <div  data-lazy="1" class="module_column sub_column tb_rvrd363 first">
                    <!-- module image -->
<div  class="module module-image tb_9kb764 image-center   tf_mw" data-lazy="1" id="h1375">
        <div class="image-wrap tf_rel tf_mw">
            <img loading="lazy" decoding="async" src="https://rafoldesalem.websaccesibles.eu/wp-content/uploads/sites/16/2022/11/senda_riu_misena.png" width="235" height="235" title="Entorno natural" alt="Entorno natural">    
        </div>
    <!-- /image-wrap -->
    
        </div>
<!-- /module image -->        </div>
                    <div  data-lazy="1" class="module_column sub_column tb_rry4363 last">
                    <!-- module image -->
<div  class="module module-image tb_yql0316 image-center   tf_mw" data-lazy="1" id="h1376">
        <div class="image-wrap tf_rel tf_mw">
            <img loading="lazy" decoding="async" src="https://rafoldesalem.websaccesibles.eu/wp-content/uploads/sites/16/2022/11/toll.png" width="235" height="235" title="Entorno natural" alt="Entorno natural">    
        </div>
    <!-- /image-wrap -->
    
        </div>
<!-- /module image -->        </div>
                    </div>
                </div>
                        </div>
        </div>
        </div>
<!--/themify_builder_content-->

<p>Entorno natural El Ràfol de Salem se encuentra al abrigo de la sierra del Benicadell, una de las montañas más emblemáticas del territorio valenciano. Se alarga de poniente a levante separando el Valle de Albaida, al norte, del Condado de Cocentaina, al sur. Benicadell hace referencia, tanto a la sierra como a la peña que [&hellip;]</p>

<h1>Entorno natural</h1>
<p>El Ràfol de Salem se encuentra al abrigo de la sierra del Benicadell, una de las montañas más emblemáticas del territorio valenciano. Se alarga de poniente a levante separando el Valle de Albaida, al norte, del Condado de Cocentaina, al sur. Benicadell hace referencia, tanto a la sierra como a la peña que la corona. Además, se trata de un paisaje protegido por la Generalitat Valenciana.</p> <p>Subir al Benicadell desde Ràfol o desde la casa forestal de Les Planisses es una excursión muy recomendable. El PR-CV 213.4 del Ràfol es un brazalete de sendero que se integra en una red más extensa de senderos interconectados alrededor del sendero principal PR-CV 213, que recorren el corazón del Paraje Natural Protegido de la Umbría del Benicadell. Para más información visite el siguiente enlace:<br /> <a href="https://es.wikiloc.com/wikiloc/view.do?id=1627203" target="_blank" rel="noopener">https://es.wikiloc.com/wikiloc/view.do?id=1627203</a></p> <p>Si empieza en Ràfol y enlaza con el resto de senderos, descubrirá parajes como la Serreta del Ràfol –que esconde un poblado íbero- o la casa forestal de las Planisses. Si os atrevéis con la cima del Benicadell que está a 1104 metros de altitud (PR-CV 213.3), descubrirá sin duda uno de los senderos más bonitos de la comarca por su valor natural, paisajísticos, e incluso patrimonial como la nevera del Benicadell (S. XVII.).</p> <p>Aparte, también encontramos dentro del pueblo la senda del río Missena y diversas fuentes naturales como la fuente del Hondo o la de l'Horta.</p>
<img src="https://rafoldesalem.websaccesibles.eu/wp-content/uploads/sites/16/2022/11/font_de_lhorta.png" width="235" height="235" title="Entorno natural" alt="Entorno natural">
<img src="https://rafoldesalem.websaccesibles.eu/wp-content/uploads/sites/16/2022/11/font_de_fondo.png" width="235" height="235" title="Entorno natural" alt="Entorno natural">
<img src="https://rafoldesalem.websaccesibles.eu/wp-content/uploads/sites/16/2022/11/poble.png" width="235" height="235" title="Entorno natural" alt="Entorno natural">
<img src="https://rafoldesalem.websaccesibles.eu/wp-content/uploads/sites/16/2022/11/riu_misena.png" width="235" height="235" title="Entorno natural" alt="Entorno natural">
<img src="https://rafoldesalem.websaccesibles.eu/wp-content/uploads/sites/16/2022/11/senda_riu_misena.png" width="235" height="235" title="Entorno natural" alt="Entorno natural">
<img src="https://rafoldesalem.websaccesibles.eu/wp-content/uploads/sites/16/2022/11/toll.png" width="235" height="235" title="Entorno natural" alt="Entorno natural">
