{"id":1208,"date":"2022-11-09T17:45:35","date_gmt":"2022-11-09T16:45:35","guid":{"rendered":"https:\/\/rafoldesalem.websaccesibles.eu\/facturas-electronicas\/"},"modified":"2022-12-02T18:30:29","modified_gmt":"2022-12-02T17:30:29","slug":"facturas-electronicas","status":"publish","type":"page","link":"https:\/\/rafoldesalem.es\/es\/facturas-electronicas\/","title":{"rendered":"Facturas electr\u00f3nicas"},"content":{"rendered":"<!--themify_builder_content-->\n<div id=\"themify_builder_content-1208\" data-postid=\"1208\" class=\"themify_builder_content themify_builder_content-1208 themify_builder tf_clear\">\n                    <div  id=\"h1318\" data-lazy=\"1\" class=\"module_row themify_builder_row tb_k77z011 tb_first tf_w\">\n                        <div class=\"row_inner col_align_top tb_col_count_1 tf_box tf_rel\">\n                        <div  data-lazy=\"1\" class=\"module_column tb-column col-full tb_ot2k000 first\">\n                    <!-- module text -->\n<div  class=\"module module-text tb_71s7000  repeat \" data-lazy=\"1\" id=\"h1167\">\n        <div  class=\"tb_text_wrap\">\n        <h1><span style=\"white-space: pre-wrap;\">Facturas electr\u00f3nicas<br><\/span><\/h1>    <\/div>\n<\/div>\n<!-- \/module text -->        <\/div>\n                        <\/div>\n        <\/div>\n                        <div  data-lazy=\"1\" class=\"module_row themify_builder_row tb_nvjf300 tf_w\">\n                        <div class=\"row_inner col_align_top tb_col_count_1 tf_box tf_rel\">\n                        <div  data-lazy=\"1\" class=\"module_column tb-column col-full tb_8ank060 first\">\n                    <!-- module plain text -->\n<div  class=\"module module-plain-text tb_n478161 \" data-lazy=\"1\" id=\"h1218\">\n        <div class=\"tb_text_wrap\">\n    <h2>\n Anuncio del punto de entrada de facturas electr\u00f3nicas\n<\/h2>    <\/div>\n<\/div>\n<!-- \/module plain text --><!-- module plain text -->\n<div  class=\"module module-plain-text tb_ppa5241 \" data-lazy=\"1\">\n        <div class=\"tb_text_wrap\">\n    <p>\nPor medio del presente se hace p\u00fablico que, a partir del 15 de enero de 2015, el punto de registro \u00fanico de facturas electr\u00f3nicas dirigidas al Ayuntamiento de R\u00e0fol de Salem, es la habilidad en la plataforma electr\u00f3nica \u00abFACE\u00bb del ministerio de &#8216;Hacienda y Administraciones P\u00fablicas <a href=\"https:\/\/face.gob.es\" target=\"_blank\">(https:\/\/face.gob.es)<\/a><br><br>\n\nLos c\u00f3digos DIR 3 del Ayuntamiento de R\u00e1fol de Salem, as\u00ed como de los correspondientes a la oficina contable, \u00f3rgano gestor y unidad tramitadora, son los siguientes:<br><br>    <\/div>\n<\/div>\n<!-- \/module plain text --><!-- module plain text -->\n<div  class=\"module module-plain-text tb_edja552 \" data-lazy=\"1\">\n        <div class=\"tb_text_wrap\">\n    <ul>\n  <li>C\u00f3digo DIR 3 del Ayuntamiento de R\u00e0fol de Salem: L01462107.<\/li>\n  <li>Oficina contable: L01462107, Registro de Facturas.<\/li>\n  <li>\u00d3rgano gestor: L01462107, Alcald\u00eda.<\/li>\n  <li>Unidad tramitadora: L01462107, Tesorer\u00eda.<\/li>\n<\/ul>    <\/div>\n<\/div>\n<!-- \/module plain text --><!-- module plain text -->\n<div  class=\"module module-plain-text tb_ilcu217 \" data-lazy=\"1\">\n        <div class=\"tb_text_wrap\">\n    Asimismo, se hace p\u00fablico que quedan excluidas, de acuerdo con el art\u00edculo 4 de la Ley 25\/2013, de 27 de diciembre, de impulso de la factura electr\u00f3nica y creaci\u00f3n del registro contable de las facturas en el Sector P\u00fablico; de la obligaci\u00f3n de la factura electr\u00f3nica, a los proveedores cuyas facturas cuyo importe sea de hasta cinco mil euros (5.000 \u20ac), impuestos no incluidos.\n    <\/div>\n<\/div>\n<!-- \/module plain text -->        <\/div>\n                        <\/div>\n        <\/div>\n        <\/div>\n<!--\/themify_builder_content-->","protected":false},"excerpt":{"rendered":"<p>Facturas electr\u00f3nicas Anuncio del punto de entrada de facturas electr\u00f3nicas Por medio del presente se hace p\u00fablico que, a partir del 15 de enero de 2015, el punto de registro \u00fanico de facturas electr\u00f3nicas dirigidas al Ayuntamiento de R\u00e0fol de Salem, es la habilidad en la plataforma electr\u00f3nica \u00abFACE\u00bb del ministerio de &#8216;Hacienda y Administraciones [&hellip;]<\/p>\n","protected":false},"author":1,"featured_media":0,"parent":0,"menu_order":0,"comment_status":"closed","ping_status":"closed","template":"","meta":{"footnotes":""},"class_list":["post-1208","page","type-page","status-publish","hentry","has-post-title","has-post-date","has-post-category","has-post-tag","has-post-comment","has-post-author",""],"builder_content":"<h1>Facturas electr\u00f3nicas<br><\/h1>\n<h2> Anuncio del punto de entrada de facturas electr\u00f3nicas <\/h2>\n<p> Por medio del presente se hace p\u00fablico que, a partir del 15 de enero de 2015, el punto de registro \u00fanico de facturas electr\u00f3nicas dirigidas al Ayuntamiento de R\u00e0fol de Salem, es la habilidad en la plataforma electr\u00f3nica \"FACE\" del ministerio de 'Hacienda y Administraciones P\u00fablicas <a href=\"https:\/\/face.gob.es\" target=\"_blank\">(https:\/\/face.gob.es)<\/a><br><br>\nLos c\u00f3digos DIR 3 del Ayuntamiento de R\u00e1fol de Salem, as\u00ed como de los correspondientes a la oficina contable, \u00f3rgano gestor y unidad tramitadora, son los siguientes:<br><br>\n<ul> <li>C\u00f3digo DIR 3 del Ayuntamiento de R\u00e0fol de Salem: L01462107.<\/li> <li>Oficina contable: L01462107, Registro de Facturas.<\/li> <li>\u00d3rgano gestor: L01462107, Alcald\u00eda.<\/li> <li>Unidad tramitadora: L01462107, Tesorer\u00eda.<\/li> <\/ul>\nAsimismo, se hace p\u00fablico que quedan excluidas, de acuerdo con el art\u00edculo 4 de la Ley 25\/2013, de 27 de diciembre, de impulso de la factura electr\u00f3nica y creaci\u00f3n del registro contable de las facturas en el Sector P\u00fablico; de la obligaci\u00f3n de la factura electr\u00f3nica, a los proveedores cuyas facturas cuyo importe sea de hasta cinco mil euros (5.000 \u20ac), impuestos no incluidos.","_links":{"self":[{"href":"https:\/\/rafoldesalem.es\/es\/wp-json\/wp\/v2\/pages\/1208","targetHints":{"allow":["GET"]}}],"collection":[{"href":"https:\/\/rafoldesalem.es\/es\/wp-json\/wp\/v2\/pages"}],"about":[{"href":"https:\/\/rafoldesalem.es\/es\/wp-json\/wp\/v2\/types\/page"}],"author":[{"embeddable":true,"href":"https:\/\/rafoldesalem.es\/es\/wp-json\/wp\/v2\/users\/1"}],"replies":[{"embeddable":true,"href":"https:\/\/rafoldesalem.es\/es\/wp-json\/wp\/v2\/comments?post=1208"}],"version-history":[{"count":10,"href":"https:\/\/rafoldesalem.es\/es\/wp-json\/wp\/v2\/pages\/1208\/revisions"}],"predecessor-version":[{"id":2421,"href":"https:\/\/rafoldesalem.es\/es\/wp-json\/wp\/v2\/pages\/1208\/revisions\/2421"}],"wp:attachment":[{"href":"https:\/\/rafoldesalem.es\/es\/wp-json\/wp\/v2\/media?parent=1208"}],"curies":[{"name":"wp","href":"https:\/\/api.w.org\/{rel}","templated":true}]}}

Facturas electrónicas

<!--themify_builder_content-->
<div id="themify_builder_content-1208" data-postid="1208" class="themify_builder_content themify_builder_content-1208 themify_builder tf_clear">
                    <div  id="h1318" data-lazy="1" class="module_row themify_builder_row tb_k77z011 tb_first tf_w">
                        <div class="row_inner col_align_top tb_col_count_1 tf_box tf_rel">
                        <div  data-lazy="1" class="module_column tb-column col-full tb_ot2k000 first">
                    <!-- module text -->
<div  class="module module-text tb_71s7000  repeat " data-lazy="1" id="h1167">
        <div  class="tb_text_wrap">
        <h1><span style="white-space: pre-wrap;">Facturas electrónicas<br></span></h1>    </div>
</div>
<!-- /module text -->        </div>
                        </div>
        </div>
                        <div  data-lazy="1" class="module_row themify_builder_row tb_nvjf300 tf_w">
                        <div class="row_inner col_align_top tb_col_count_1 tf_box tf_rel">
                        <div  data-lazy="1" class="module_column tb-column col-full tb_8ank060 first">
                    <!-- module plain text -->
<div  class="module module-plain-text tb_n478161 " data-lazy="1" id="h1218">
        <div class="tb_text_wrap">
    <h2>
 Anuncio del punto de entrada de facturas electrónicas
</h2>    </div>
</div>
<!-- /module plain text --><!-- module plain text -->
<div  class="module module-plain-text tb_ppa5241 " data-lazy="1">
        <div class="tb_text_wrap">
    <p>
Por medio del presente se hace público que, a partir del 15 de enero de 2015, el punto de registro único de facturas electrónicas dirigidas al Ayuntamiento de Ràfol de Salem, es la habilidad en la plataforma electrónica «FACE» del ministerio de &#8216;Hacienda y Administraciones Públicas <a href="https://face.gob.es" target="_blank">(https://face.gob.es)</a><br><br>

Los códigos DIR 3 del Ayuntamiento de Ráfol de Salem, así como de los correspondientes a la oficina contable, órgano gestor y unidad tramitadora, son los siguientes:<br><br>    </div>
</div>
<!-- /module plain text --><!-- module plain text -->
<div  class="module module-plain-text tb_edja552 " data-lazy="1">
        <div class="tb_text_wrap">
    <ul>
  <li>Código DIR 3 del Ayuntamiento de Ràfol de Salem: L01462107.</li>
  <li>Oficina contable: L01462107, Registro de Facturas.</li>
  <li>Órgano gestor: L01462107, Alcaldía.</li>
  <li>Unidad tramitadora: L01462107, Tesorería.</li>
</ul>    </div>
</div>
<!-- /module plain text --><!-- module plain text -->
<div  class="module module-plain-text tb_ilcu217 " data-lazy="1">
        <div class="tb_text_wrap">
    Asimismo, se hace público que quedan excluidas, de acuerdo con el artículo 4 de la Ley 25/2013, de 27 de diciembre, de impulso de la factura electrónica y creación del registro contable de las facturas en el Sector Público; de la obligación de la factura electrónica, a los proveedores cuyas facturas cuyo importe sea de hasta cinco mil euros (5.000 €), impuestos no incluidos.
    </div>
</div>
<!-- /module plain text -->        </div>
                        </div>
        </div>
        </div>
<!--/themify_builder_content-->

<p>Facturas electrónicas Anuncio del punto de entrada de facturas electrónicas Por medio del presente se hace público que, a partir del 15 de enero de 2015, el punto de registro único de facturas electrónicas dirigidas al Ayuntamiento de Ràfol de Salem, es la habilidad en la plataforma electrónica «FACE» del ministerio de &#8216;Hacienda y Administraciones [&hellip;]</p>

<h1>Facturas electrónicas<br></h1>
<h2> Anuncio del punto de entrada de facturas electrónicas </h2>
<p> Por medio del presente se hace público que, a partir del 15 de enero de 2015, el punto de registro único de facturas electrónicas dirigidas al Ayuntamiento de Ràfol de Salem, es la habilidad en la plataforma electrónica "FACE" del ministerio de 'Hacienda y Administraciones Públicas <a href="https://face.gob.es" target="_blank">(https://face.gob.es)</a><br><br>
Los códigos DIR 3 del Ayuntamiento de Ráfol de Salem, así como de los correspondientes a la oficina contable, órgano gestor y unidad tramitadora, son los siguientes:<br><br>
<ul> <li>Código DIR 3 del Ayuntamiento de Ràfol de Salem: L01462107.</li> <li>Oficina contable: L01462107, Registro de Facturas.</li> <li>Órgano gestor: L01462107, Alcaldía.</li> <li>Unidad tramitadora: L01462107, Tesorería.</li> </ul>
Asimismo, se hace público que quedan excluidas, de acuerdo con el artículo 4 de la Ley 25/2013, de 27 de diciembre, de impulso de la factura electrónica y creación del registro contable de las facturas en el Sector Público; de la obligación de la factura electrónica, a los proveedores cuyas facturas cuyo importe sea de hasta cinco mil euros (5.000 €), impuestos no incluidos.
