{"id":1610,"date":"2022-11-08T14:58:54","date_gmt":"2022-11-08T13:58:54","guid":{"rendered":"https:\/\/rafoldesalem.websaccesibles.eu\/localizacion\/"},"modified":"2023-01-17T11:22:53","modified_gmt":"2023-01-17T10:22:53","slug":"localizacion","status":"publish","type":"page","link":"https:\/\/rafoldesalem.es\/es\/turismo\/localizacion\/","title":{"rendered":"Localizaci\u00f3n"},"content":{"rendered":"<!--themify_builder_content-->\n<div id=\"themify_builder_content-1610\" data-postid=\"1610\" class=\"themify_builder_content themify_builder_content-1610 themify_builder tf_clear\">\n                    <div  id=\"2331\" data-lazy=\"1\" class=\"module_row themify_builder_row tb_p4pu925 tb_first tf_w\">\n                        <div class=\"row_inner col_align_top tb_col_count_1 tf_box tf_rel\">\n                        <div  data-lazy=\"1\" class=\"module_column tb-column col-full tb_7t6z925 first\">\n                    <!-- module text -->\n<div  class=\"module module-text tb_riqz925  repeat \" data-lazy=\"1\" id=\"h1187\">\n        <div  class=\"tb_text_wrap\">\n        <h1><span style=\"font-weight: normal;\">\u00bfC\u00f3mo llegar?<\/span><\/h1>    <\/div>\n<\/div>\n<!-- \/module text -->        <\/div>\n                        <\/div>\n        <\/div>\n                        <div  data-lazy=\"1\" class=\"module_row themify_builder_row tb_kvxm668 tf_w\">\n                        <div class=\"row_inner col_align_top tb_col_count_2 tf_box tf_rel\">\n                        <div  data-lazy=\"1\" class=\"module_column tb-column tb_irnn669 first\">\n                    <!-- module text -->\n<div  class=\"module module-text tb_mnb7980   \" data-lazy=\"1\">\n        <div  class=\"tb_text_wrap\">\n        <p>Se sit\u00faa en las faldas septentrionales de la Sierra del Benicadell. Su t\u00e9rmino es de extensi\u00f3n reducida. El relieve lo constituye un glacis terciario que desciende de la sierra perdiendo altura a medida que se aproxima hacia el norte.<\/p>\n<p>El medio clim\u00e1tico es mediterr\u00e1neo aunque con ligeros rasgos de continentalidad.<\/p>\n<p>Desde Valencia, se accede a esta localidad a trav\u00e9s de la A-7 para enlazar con la CV-40 y la CV-60 para finalizar en la CV-614.<\/p>    <\/div>\n<\/div>\n<!-- \/module text -->        <\/div>\n                    <div  data-lazy=\"1\" class=\"module_column tb-column tb_xac8670 last\">\n                    <!-- module gallery -->\n<div  class=\"module gallery module-gallery tb_5brf670 layout-grid  \" data-lazy=\"1\">\n    <div class=\"module-gallery-grid\" style=\"--gald:2;--galt:2;--galm:1\">\n            <dl class=\"gallery-item\">\n            <dt class=\"gallery-icon\">\n            <a data-title=\"\" title=\"\" href=\"https:\/\/rafoldesalem.es\/wp-content\/uploads\/2022\/11\/Localizacioon_Rafol_A.jpg\" data-rel=\"tb_5brf670\" class=\"themify_lightbox\"><img loading=\"lazy\" decoding=\"async\" src=\"https:\/\/rafoldesalem.es\/wp-content\/uploads\/2022\/11\/Localizacioon_Rafol_A-300x300.jpg\" width=\"300\" height=\"300\" class=\"wp-post-image wp-image-2220\" title=\"Localizaci\u00f3n de R\u00e1fol de Salem\" alt=\"Localizaci\u00f3n de R\u00e1fol de Salem\" srcset=\"https:\/\/rafoldesalem.es\/wp-content\/uploads\/2022\/11\/Localizacioon_Rafol_A-300x300.jpg 300w, https:\/\/rafoldesalem.es\/wp-content\/uploads\/2022\/11\/Localizacioon_Rafol_A-150x150.jpg 150w\" sizes=\"auto, (max-width: 300px) 100vw, 300px\" \/><\/a>            <\/dt>\n                    <\/dl>\n            <dl class=\"gallery-item\">\n            <dt class=\"gallery-icon\">\n            <a data-title=\"\" title=\"\" href=\"https:\/\/rafoldesalem.es\/wp-content\/uploads\/2022\/11\/Localizacioon_Rafol_B1.jpg\" data-rel=\"tb_5brf670\" class=\"themify_lightbox\"><img loading=\"lazy\" decoding=\"async\" src=\"https:\/\/rafoldesalem.es\/wp-content\/uploads\/2022\/11\/Localizacioon_Rafol_B1-300x300.jpg\" width=\"300\" height=\"300\" class=\"wp-post-image wp-image-2222\" title=\"Localizaci\u00f3n de R\u00e1fol de Salem\" alt=\"Localizaci\u00f3n de R\u00e1fol de Salem\" srcset=\"https:\/\/rafoldesalem.es\/wp-content\/uploads\/2022\/11\/Localizacioon_Rafol_B1-300x300.jpg 300w, https:\/\/rafoldesalem.es\/wp-content\/uploads\/2022\/11\/Localizacioon_Rafol_B1-150x150.jpg 150w\" sizes=\"auto, (max-width: 300px) 100vw, 300px\" \/><\/a>            <\/dt>\n                    <\/dl>\n    <\/div>\n<\/div>\n<!-- \/module gallery -->        <\/div>\n                        <\/div>\n        <\/div>\n        <\/div>\n<!--\/themify_builder_content-->","protected":false},"excerpt":{"rendered":"<p>\u00bfC\u00f3mo llegar? Se sit\u00faa en las faldas septentrionales de la Sierra del Benicadell. Su t\u00e9rmino es de extensi\u00f3n reducida. El relieve lo constituye un glacis terciario que desciende de la sierra perdiendo altura a medida que se aproxima hacia el norte. El medio clim\u00e1tico es mediterr\u00e1neo aunque con ligeros rasgos de continentalidad. Desde Valencia, se [&hellip;]<\/p>\n","protected":false},"author":1,"featured_media":0,"parent":1430,"menu_order":0,"comment_status":"closed","ping_status":"closed","template":"","meta":{"footnotes":""},"class_list":["post-1610","page","type-page","status-publish","hentry","has-post-title","has-post-date","has-post-category","has-post-tag","has-post-comment","has-post-author",""],"builder_content":"<h1>\u00bfC\u00f3mo llegar?<\/h1>\n<p>Se sit\u00faa en las faldas septentrionales de la Sierra del Benicadell. Su t\u00e9rmino es de extensi\u00f3n reducida. El relieve lo constituye un glacis terciario que desciende de la sierra perdiendo altura a medida que se aproxima hacia el norte.<\/p> <p>El medio clim\u00e1tico es mediterr\u00e1neo aunque con ligeros rasgos de continentalidad.<\/p> <p>Desde Valencia, se accede a esta localidad a trav\u00e9s de la A-7 para enlazar con la CV-40 y la CV-60 para finalizar en la CV-614.<\/p>\n[gallery columns=\"2\" size=\"full\" ids=\"2220,2222\"]","_links":{"self":[{"href":"https:\/\/rafoldesalem.es\/es\/wp-json\/wp\/v2\/pages\/1610","targetHints":{"allow":["GET"]}}],"collection":[{"href":"https:\/\/rafoldesalem.es\/es\/wp-json\/wp\/v2\/pages"}],"about":[{"href":"https:\/\/rafoldesalem.es\/es\/wp-json\/wp\/v2\/types\/page"}],"author":[{"embeddable":true,"href":"https:\/\/rafoldesalem.es\/es\/wp-json\/wp\/v2\/users\/1"}],"replies":[{"embeddable":true,"href":"https:\/\/rafoldesalem.es\/es\/wp-json\/wp\/v2\/comments?post=1610"}],"version-history":[{"count":16,"href":"https:\/\/rafoldesalem.es\/es\/wp-json\/wp\/v2\/pages\/1610\/revisions"}],"predecessor-version":[{"id":2978,"href":"https:\/\/rafoldesalem.es\/es\/wp-json\/wp\/v2\/pages\/1610\/revisions\/2978"}],"up":[{"embeddable":true,"href":"https:\/\/rafoldesalem.es\/es\/wp-json\/wp\/v2\/pages\/1430"}],"wp:attachment":[{"href":"https:\/\/rafoldesalem.es\/es\/wp-json\/wp\/v2\/media?parent=1610"}],"curies":[{"name":"wp","href":"https:\/\/api.w.org\/{rel}","templated":true}]}}

Localización

<!--themify_builder_content-->
<div id="themify_builder_content-1610" data-postid="1610" class="themify_builder_content themify_builder_content-1610 themify_builder tf_clear">
                    <div  id="2331" data-lazy="1" class="module_row themify_builder_row tb_p4pu925 tb_first tf_w">
                        <div class="row_inner col_align_top tb_col_count_1 tf_box tf_rel">
                        <div  data-lazy="1" class="module_column tb-column col-full tb_7t6z925 first">
                    <!-- module text -->
<div  class="module module-text tb_riqz925  repeat " data-lazy="1" id="h1187">
        <div  class="tb_text_wrap">
        <h1><span style="font-weight: normal;">¿Cómo llegar?</span></h1>    </div>
</div>
<!-- /module text -->        </div>
                        </div>
        </div>
                        <div  data-lazy="1" class="module_row themify_builder_row tb_kvxm668 tf_w">
                        <div class="row_inner col_align_top tb_col_count_2 tf_box tf_rel">
                        <div  data-lazy="1" class="module_column tb-column tb_irnn669 first">
                    <!-- module text -->
<div  class="module module-text tb_mnb7980   " data-lazy="1">
        <div  class="tb_text_wrap">
        <p>Se sitúa en las faldas septentrionales de la Sierra del Benicadell. Su término es de extensión reducida. El relieve lo constituye un glacis terciario que desciende de la sierra perdiendo altura a medida que se aproxima hacia el norte.</p>
<p>El medio climático es mediterráneo aunque con ligeros rasgos de continentalidad.</p>
<p>Desde Valencia, se accede a esta localidad a través de la A-7 para enlazar con la CV-40 y la CV-60 para finalizar en la CV-614.</p>    </div>
</div>
<!-- /module text -->        </div>
                    <div  data-lazy="1" class="module_column tb-column tb_xac8670 last">
                    <!-- module gallery -->
<div  class="module gallery module-gallery tb_5brf670 layout-grid  " data-lazy="1">
    <div class="module-gallery-grid" style="--gald:2;--galt:2;--galm:1">
            <dl class="gallery-item">
            <dt class="gallery-icon">
            <a data-title="" title="" href="https://rafoldesalem.es/wp-content/uploads/2022/11/Localizacioon_Rafol_A.jpg" data-rel="tb_5brf670" class="themify_lightbox"><img loading="lazy" decoding="async" src="https://rafoldesalem.es/wp-content/uploads/2022/11/Localizacioon_Rafol_A-300x300.jpg" width="300" height="300" class="wp-post-image wp-image-2220" title="Localización de Ráfol de Salem" alt="Localización de Ráfol de Salem" srcset="https://rafoldesalem.es/wp-content/uploads/2022/11/Localizacioon_Rafol_A-300x300.jpg 300w, https://rafoldesalem.es/wp-content/uploads/2022/11/Localizacioon_Rafol_A-150x150.jpg 150w" sizes="auto, (max-width: 300px) 100vw, 300px" /></a>            </dt>
                    </dl>
            <dl class="gallery-item">
            <dt class="gallery-icon">
            <a data-title="" title="" href="https://rafoldesalem.es/wp-content/uploads/2022/11/Localizacioon_Rafol_B1.jpg" data-rel="tb_5brf670" class="themify_lightbox"><img loading="lazy" decoding="async" src="https://rafoldesalem.es/wp-content/uploads/2022/11/Localizacioon_Rafol_B1-300x300.jpg" width="300" height="300" class="wp-post-image wp-image-2222" title="Localización de Ráfol de Salem" alt="Localización de Ráfol de Salem" srcset="https://rafoldesalem.es/wp-content/uploads/2022/11/Localizacioon_Rafol_B1-300x300.jpg 300w, https://rafoldesalem.es/wp-content/uploads/2022/11/Localizacioon_Rafol_B1-150x150.jpg 150w" sizes="auto, (max-width: 300px) 100vw, 300px" /></a>            </dt>
                    </dl>
    </div>
</div>
<!-- /module gallery -->        </div>
                        </div>
        </div>
        </div>
<!--/themify_builder_content-->

<p>¿Cómo llegar? Se sitúa en las faldas septentrionales de la Sierra del Benicadell. Su término es de extensión reducida. El relieve lo constituye un glacis terciario que desciende de la sierra perdiendo altura a medida que se aproxima hacia el norte. El medio climático es mediterráneo aunque con ligeros rasgos de continentalidad. Desde Valencia, se [&hellip;]</p>

<h1>¿Cómo llegar?</h1>
<p>Se sitúa en las faldas septentrionales de la Sierra del Benicadell. Su término es de extensión reducida. El relieve lo constituye un glacis terciario que desciende de la sierra perdiendo altura a medida que se aproxima hacia el norte.</p> <p>El medio climático es mediterráneo aunque con ligeros rasgos de continentalidad.</p> <p>Desde Valencia, se accede a esta localidad a través de la A-7 para enlazar con la CV-40 y la CV-60 para finalizar en la CV-614.</p>
[gallery columns="2" size="full" ids="2220,2222"]
