{"id":1612,"date":"2022-11-09T12:09:02","date_gmt":"2022-11-09T11:09:02","guid":{"rendered":"https:\/\/rafoldesalem.websaccesibles.eu\/corporacion-municipal\/"},"modified":"2022-12-02T19:07:36","modified_gmt":"2022-12-02T18:07:36","slug":"corporacion-municipal","status":"publish","type":"page","link":"https:\/\/rafoldesalem.es\/es\/corporacion-municipal\/","title":{"rendered":"Corporacion Municipal"},"content":{"rendered":"<!--themify_builder_content-->\n<div id=\"themify_builder_content-1612\" data-postid=\"1612\" class=\"themify_builder_content themify_builder_content-1612 themify_builder tf_clear\">\n                    <div  id=\"h1313\" data-lazy=\"1\" class=\"module_row themify_builder_row tb_ea0f519 tb_first tf_w\">\n                        <div class=\"row_inner col_align_top tb_col_count_1 tf_box tf_rel\">\n                        <div  data-lazy=\"1\" class=\"module_column tb-column col-full tb_04rc519 first\">\n                    <!-- module text -->\n<div  class=\"module module-text tb_gbqa519  repeat \" data-lazy=\"1\" id=\"h1145\">\n        <div  class=\"tb_text_wrap\">\n        <h1><span style=\"font-weight: normal;\">Corporaci\u00f3n Municipal<\/span><\/h1>    <\/div>\n<\/div>\n<!-- \/module text -->        <\/div>\n                        <\/div>\n        <\/div>\n                        <div  data-lazy=\"1\" class=\"module_row themify_builder_row tb_a82j554 tf_w\">\n                        <div class=\"row_inner col_align_middle tb_col_count_2 tf_box tf_rel\">\n                        <div  data-lazy=\"1\" class=\"module_column tb-column col4-1 tb_l71y554 first\">\n                    <!-- module image -->\n<div  class=\"module module-image tb_feqy554 image-top   tf_mw\" data-lazy=\"1\">\n        <div class=\"image-wrap tf_rel tf_mw\">\n            <img loading=\"lazy\" decoding=\"async\" src=\"https:\/\/rafoldesalem.websaccesibles.eu\/wp-content\/uploads\/sites\/16\/2022\/11\/foto-200-150-pp2-1.png\" width=\"153\" height=\"112\" title=\"Corporacion Municipal\" alt=\"Corporacion Municipal\">    \n        <\/div>\n    <!-- \/image-wrap -->\n    \n        <\/div>\n<!-- \/module image -->        <\/div>\n                    <div  data-lazy=\"1\" class=\"module_column tb-column col4-3 tb_mba7554 last\">\n                    <!-- module text -->\n<div  class=\"module module-text tb_jpfl554   \" data-lazy=\"1\">\n        <div  class=\"tb_text_wrap\">\n        <h2>Grupo Municipal Partido Popular<\/h2>    <\/div>\n<\/div>\n<!-- \/module text -->        <\/div>\n                        <\/div>\n        <\/div>\n                        <div  data-lazy=\"1\" class=\"module_row themify_builder_row tb_v4wh227 tf_w\">\n                        <div class=\"row_inner col_align_bottom tb_col_count_2 tf_box tf_rel\">\n                        <div  data-lazy=\"1\" class=\"module_column tb-column col2-1 tb_qrfj228 first\">\n                            <div  data-lazy=\"1\" class=\"module_subrow themify_builder_sub_row tf_w col_align_bottom tb_col_count_2 tb_txny998\">\n                <div  data-lazy=\"1\" class=\"module_column sub_column col2-1 tb_nx1z998 first\">\n                    <!-- module image -->\n<div  class=\"module module-image tb_si5a998 image-top circle  tf_mw\" data-lazy=\"1\" id=\"h1314\">\n        <div class=\"image-wrap tf_rel tf_mw\">\n            <img loading=\"lazy\" decoding=\"async\" src=\"https:\/\/rafoldesalem.websaccesibles.eu\/wp-content\/uploads\/sites\/16\/2022\/11\/alcalde-rafoldesalem-1.png\" width=\"175\" height=\"175\" title=\"Corporacion Municipal\" alt=\"Corporacion Municipal\">    \n        <\/div>\n    <!-- \/image-wrap -->\n    \n        <\/div>\n<!-- \/module image -->        <\/div>\n                    <div  data-lazy=\"1\" class=\"module_column sub_column col2-1 tb_f9cw999 last\">\n                    <!-- module text -->\n<div  class=\"module module-text tb_bb2i999   \" data-lazy=\"1\">\n        <div  class=\"tb_text_wrap\">\n        <p><strong>MENGUAL CORTELL, CAROLINA (PP)<\/strong><\/p>\n<p>Alcaldesa<\/p>    <\/div>\n<\/div>\n<!-- \/module text -->        <\/div>\n                    <\/div>\n                <\/div>\n                    <div  data-lazy=\"1\" class=\"module_column tb-column col2-1 tb_li0c228 last\">\n                            <div  data-lazy=\"1\" class=\"module_subrow themify_builder_sub_row tf_w col_align_middle tb_col_count_2 tb_fp3z530\">\n                <div  data-lazy=\"1\" class=\"module_column sub_column col2-1 tb_0r2f531 first\">\n                            <\/div>\n                    <div  data-lazy=\"1\" class=\"module_column sub_column col2-1 tb_2nor531 last\">\n                    <!-- module text -->\n<div  class=\"module module-text tb_e9nh531   \" data-lazy=\"1\">\n        <div  class=\"tb_text_wrap\">\n        <p><strong>HERN\u00c1NDEZ GOMAR, GUSTAVO (PP)<\/strong><\/p>\n<p>Teniente de Alcalde<\/p>    <\/div>\n<\/div>\n<!-- \/module text -->        <\/div>\n                    <\/div>\n                <\/div>\n                        <\/div>\n        <\/div>\n                        <div  data-lazy=\"1\" class=\"module_row themify_builder_row tb_2s3h303 tf_w\">\n                        <div class=\"row_inner col_align_middle tb_col_count_2 tf_box tf_rel\">\n                        <div  data-lazy=\"1\" class=\"module_column tb-column col2-1 tb_evwl304 first\">\n                            <div  data-lazy=\"1\" class=\"module_subrow themify_builder_sub_row tf_w col_align_middle tb_col_count_2 tb_y71p304\">\n                <div  data-lazy=\"1\" class=\"module_column sub_column col2-1 tb_wcus305 first\">\n                            <\/div>\n                    <div  data-lazy=\"1\" class=\"module_column sub_column col2-1 tb_16ho305 last\">\n                    <!-- module text -->\n<div  class=\"module module-text tb_64ry305   \" data-lazy=\"1\">\n        <div  class=\"tb_text_wrap\">\n        <p><strong>MILLET PARDO, JOAN ALBERT (PP)<\/strong><\/p>\n<p>Concejal<\/p>\n    <\/div>\n<\/div>\n<!-- \/module text -->        <\/div>\n                    <\/div>\n                <\/div>\n                    <div  data-lazy=\"1\" class=\"module_column tb-column col2-1 tb_4ukq305 last\">\n                            <div  data-lazy=\"1\" class=\"module_subrow themify_builder_sub_row tf_w col_align_middle tb_col_count_2 tb_meyi306\">\n                <div  data-lazy=\"1\" class=\"module_column sub_column col2-1 tb_0jg4306 first\">\n                            <\/div>\n                    <div  data-lazy=\"1\" class=\"module_column sub_column col2-1 tb_049x306 last\">\n                    <!-- module text -->\n<div  class=\"module module-text tb_6n3x306   \" data-lazy=\"1\">\n        <div  class=\"tb_text_wrap\">\n        <p><strong>REDONDO ESPARZA, \u00d3SCAR (PP)<\/strong><\/p>\n<p>Concejal<\/p>    <\/div>\n<\/div>\n<!-- \/module text -->        <\/div>\n                    <\/div>\n                <\/div>\n                        <\/div>\n        <\/div>\n                        <div  data-lazy=\"1\" class=\"module_row themify_builder_row tb_6ktz717 tf_w\">\n                        <div class=\"row_inner col_align_top tb_col_count_2 tf_box tf_rel\">\n                        <div  data-lazy=\"1\" class=\"module_column tb-column col2-1 tb_le7l717 first\">\n                            <div  data-lazy=\"1\" class=\"module_subrow themify_builder_sub_row tf_w col_align_middle tb_col_count_2 tb_n8yx718\">\n                <div  data-lazy=\"1\" class=\"module_column sub_column col2-1 tb_luqk718 first\">\n                            <\/div>\n                    <div  data-lazy=\"1\" class=\"module_column sub_column col2-1 tb_c0vn718 last\">\n                    <!-- module text -->\n<div  class=\"module module-text tb_ou2z718   \" data-lazy=\"1\">\n        <div  class=\"tb_text_wrap\">\n        <p><strong>MENGUAL CORTELL, ARACELI (PP)<\/strong><\/p>\n<p>Concejala<\/p>    <\/div>\n<\/div>\n<!-- \/module text -->        <\/div>\n                    <\/div>\n                <\/div>\n                    <div  data-lazy=\"1\" class=\"module_column tb-column col2-1 tb_zhkv719 last\">\n                            <div  data-lazy=\"1\" class=\"module_subrow themify_builder_sub_row tf_w col_align_middle tb_col_count_2 tb_mw46719\">\n                <div  data-lazy=\"1\" class=\"module_column sub_column col2-1 tb_fdxv719 first\">\n                            <\/div>\n                    <div  data-lazy=\"1\" class=\"module_column sub_column col2-1 tb_gj7o719 last\">\n                    <!-- module text -->\n<div  class=\"module module-text tb_6n7r720   \" data-lazy=\"1\">\n        <div  class=\"tb_text_wrap\">\n        <p><strong>MENGUAL FENOLLAR, REGINA (PP)<\/strong><\/p>\n<p>Concejala<\/p>    <\/div>\n<\/div>\n<!-- \/module text -->        <\/div>\n                    <\/div>\n                <\/div>\n                        <\/div>\n        <\/div>\n                        <div  data-lazy=\"1\" class=\"module_row themify_builder_row tb_yagi940 tf_w\">\n                        <div class=\"row_inner col_align_middle tb_col_count_2 tf_box tf_rel\">\n                        <div  data-lazy=\"1\" class=\"module_column tb-column col4-1 tb_tlx1940 first\">\n                    <!-- module image -->\n<div  class=\"module module-image tb_hhzt940 image-top   tf_mw\" data-lazy=\"1\">\n        <div class=\"image-wrap tf_rel tf_mw\">\n            <img loading=\"lazy\" decoding=\"async\" src=\"https:\/\/rafoldesalem.websaccesibles.eu\/wp-content\/uploads\/sites\/16\/2022\/11\/foto-200-150-pp2-2.png\" width=\"153\" height=\"113\" title=\"Corporacion Municipal\" alt=\"Corporacion Municipal\">    \n        <\/div>\n    <!-- \/image-wrap -->\n    \n        <\/div>\n<!-- \/module image -->        <\/div>\n                    <div  data-lazy=\"1\" class=\"module_column tb-column col4-3 tb_3ex8941 last\">\n                    <!-- module text -->\n<div  class=\"module module-text tb_rih5941   \" data-lazy=\"1\">\n        <div  class=\"tb_text_wrap\">\n        <h2>Grupo Municipal PSPV-PSOE<\/h2>    <\/div>\n<\/div>\n<!-- \/module text -->        <\/div>\n                        <\/div>\n        <\/div>\n                        <div  data-lazy=\"1\" class=\"module_row themify_builder_row tb_n8xq206 tf_w\">\n                        <div class=\"row_inner col_align_top tb_col_count_2 tf_box tf_rel\">\n                        <div  data-lazy=\"1\" class=\"module_column tb-column col2-1 tb_mpaa206 first\">\n                    <!-- module text -->\n<div  class=\"module module-text tb_k6pv207   \" data-lazy=\"1\">\n        <div  class=\"tb_text_wrap\">\n        <p><strong>MAR\u00cdA DOLORES MATOSES P\u00c9REZ (PSOE)<\/strong><\/p>\n<p>Concejala<\/p>    <\/div>\n<\/div>\n<!-- \/module text -->        <\/div>\n                    <div  data-lazy=\"1\" class=\"module_column tb-column col2-1 tb_518q207 last\">\n                            <\/div>\n                        <\/div>\n        <\/div>\n                        <div  data-lazy=\"1\" class=\"module_row themify_builder_row tb_wt25139 tf_w\">\n                        <div class=\"row_inner col_align_top tb_col_count_1 tf_box tf_rel\">\n                        <div  data-lazy=\"1\" class=\"module_column tb-column col-full tb_vim7140 first\">\n                            <\/div>\n                        <\/div>\n        <\/div>\n        <\/div>\n<!--\/themify_builder_content-->","protected":false},"excerpt":{"rendered":"<p>Corporaci\u00f3n Municipal Grupo Municipal Partido Popular MENGUAL CORTELL, CAROLINA (PP) Alcaldesa HERN\u00c1NDEZ GOMAR, GUSTAVO (PP) Teniente de Alcalde MILLET PARDO, JOAN ALBERT (PP) Concejal REDONDO ESPARZA, \u00d3SCAR (PP) Concejal MENGUAL CORTELL, ARACELI (PP) Concejala MENGUAL FENOLLAR, REGINA (PP) Concejala Grupo Municipal PSPV-PSOE MAR\u00cdA DOLORES MATOSES P\u00c9REZ (PSOE) Concejala<\/p>\n","protected":false},"author":1,"featured_media":0,"parent":0,"menu_order":0,"comment_status":"closed","ping_status":"closed","template":"","meta":{"footnotes":""},"class_list":["post-1612","page","type-page","status-publish","hentry","has-post-title","has-post-date","has-post-category","has-post-tag","has-post-comment","has-post-author",""],"builder_content":"<h1>Corporaci\u00f3n Municipal<\/h1>\n<img src=\"https:\/\/rafoldesalem.websaccesibles.eu\/wp-content\/uploads\/sites\/16\/2022\/11\/foto-200-150-pp2-1.png\" width=\"153\" height=\"112\" title=\"Corporacion Municipal\" alt=\"Corporacion Municipal\">\n<h2>Grupo Municipal Partido Popular<\/h2>\n<img src=\"https:\/\/rafoldesalem.websaccesibles.eu\/wp-content\/uploads\/sites\/16\/2022\/11\/alcalde-rafoldesalem-1.png\" width=\"175\" height=\"175\" title=\"Corporacion Municipal\" alt=\"Corporacion Municipal\">\n<p><strong>MENGUAL CORTELL, CAROLINA (PP)<\/strong><\/p> <p>Alcaldesa<\/p>\n<p><strong>HERN\u00c1NDEZ GOMAR, GUSTAVO (PP)<\/strong><\/p> <p>Teniente de Alcalde<\/p>\n<p><strong>MILLET PARDO, JOAN ALBERT (PP)<\/strong><\/p> <p>Concejal<\/p>\n<p><strong>REDONDO ESPARZA, \u00d3SCAR (PP)<\/strong><\/p> <p>Concejal<\/p>\n<p><strong>MENGUAL CORTELL, ARACELI (PP)<\/strong><\/p> <p>Concejala<\/p>\n<p><strong>MENGUAL FENOLLAR, REGINA (PP)<\/strong><\/p> <p>Concejala<\/p>\n<img src=\"https:\/\/rafoldesalem.websaccesibles.eu\/wp-content\/uploads\/sites\/16\/2022\/11\/foto-200-150-pp2-2.png\" width=\"153\" height=\"113\" title=\"Corporacion Municipal\" alt=\"Corporacion Municipal\">\n<h2>Grupo Municipal PSPV-PSOE<\/h2>\n<p><strong>MAR\u00cdA DOLORES MATOSES P\u00c9REZ (PSOE)<\/strong><\/p> <p>Concejala<\/p>","_links":{"self":[{"href":"https:\/\/rafoldesalem.es\/es\/wp-json\/wp\/v2\/pages\/1612","targetHints":{"allow":["GET"]}}],"collection":[{"href":"https:\/\/rafoldesalem.es\/es\/wp-json\/wp\/v2\/pages"}],"about":[{"href":"https:\/\/rafoldesalem.es\/es\/wp-json\/wp\/v2\/types\/page"}],"author":[{"embeddable":true,"href":"https:\/\/rafoldesalem.es\/es\/wp-json\/wp\/v2\/users\/1"}],"replies":[{"embeddable":true,"href":"https:\/\/rafoldesalem.es\/es\/wp-json\/wp\/v2\/comments?post=1612"}],"version-history":[{"count":11,"href":"https:\/\/rafoldesalem.es\/es\/wp-json\/wp\/v2\/pages\/1612\/revisions"}],"predecessor-version":[{"id":2447,"href":"https:\/\/rafoldesalem.es\/es\/wp-json\/wp\/v2\/pages\/1612\/revisions\/2447"}],"wp:attachment":[{"href":"https:\/\/rafoldesalem.es\/es\/wp-json\/wp\/v2\/media?parent=1612"}],"curies":[{"name":"wp","href":"https:\/\/api.w.org\/{rel}","templated":true}]}}

<!--themify_builder_content-->
<div id="themify_builder_content-1612" data-postid="1612" class="themify_builder_content themify_builder_content-1612 themify_builder tf_clear">
                    <div  id="h1313" data-lazy="1" class="module_row themify_builder_row tb_ea0f519 tb_first tf_w">
                        <div class="row_inner col_align_top tb_col_count_1 tf_box tf_rel">
                        <div  data-lazy="1" class="module_column tb-column col-full tb_04rc519 first">
                    <!-- module text -->
<div  class="module module-text tb_gbqa519  repeat " data-lazy="1" id="h1145">
        <div  class="tb_text_wrap">
        <h1><span style="font-weight: normal;">Corporación Municipal</span></h1>    </div>
</div>
<!-- /module text -->        </div>
                        </div>
        </div>
                        <div  data-lazy="1" class="module_row themify_builder_row tb_a82j554 tf_w">
                        <div class="row_inner col_align_middle tb_col_count_2 tf_box tf_rel">
                        <div  data-lazy="1" class="module_column tb-column col4-1 tb_l71y554 first">
                    <!-- module image -->
<div  class="module module-image tb_feqy554 image-top   tf_mw" data-lazy="1">
        <div class="image-wrap tf_rel tf_mw">
            <img loading="lazy" decoding="async" src="https://rafoldesalem.websaccesibles.eu/wp-content/uploads/sites/16/2022/11/foto-200-150-pp2-1.png" width="153" height="112" title="Corporacion Municipal" alt="Corporacion Municipal">    
        </div>
    <!-- /image-wrap -->
    
        </div>
<!-- /module image -->        </div>
                    <div  data-lazy="1" class="module_column tb-column col4-3 tb_mba7554 last">
                    <!-- module text -->
<div  class="module module-text tb_jpfl554   " data-lazy="1">
        <div  class="tb_text_wrap">
        <h2>Grupo Municipal Partido Popular</h2>    </div>
</div>
<!-- /module text -->        </div>
                        </div>
        </div>
                        <div  data-lazy="1" class="module_row themify_builder_row tb_v4wh227 tf_w">
                        <div class="row_inner col_align_bottom tb_col_count_2 tf_box tf_rel">
                        <div  data-lazy="1" class="module_column tb-column col2-1 tb_qrfj228 first">
                            <div  data-lazy="1" class="module_subrow themify_builder_sub_row tf_w col_align_bottom tb_col_count_2 tb_txny998">
                <div  data-lazy="1" class="module_column sub_column col2-1 tb_nx1z998 first">
                    <!-- module image -->
<div  class="module module-image tb_si5a998 image-top circle  tf_mw" data-lazy="1" id="h1314">
        <div class="image-wrap tf_rel tf_mw">
            <img loading="lazy" decoding="async" src="https://rafoldesalem.websaccesibles.eu/wp-content/uploads/sites/16/2022/11/alcalde-rafoldesalem-1.png" width="175" height="175" title="Corporacion Municipal" alt="Corporacion Municipal">    
        </div>
    <!-- /image-wrap -->
    
        </div>
<!-- /module image -->        </div>
                    <div  data-lazy="1" class="module_column sub_column col2-1 tb_f9cw999 last">
                    <!-- module text -->
<div  class="module module-text tb_bb2i999   " data-lazy="1">
        <div  class="tb_text_wrap">
        <p><strong>MENGUAL CORTELL, CAROLINA (PP)</strong></p>
<p>Alcaldesa</p>    </div>
</div>
<!-- /module text -->        </div>
                    </div>
                </div>
                    <div  data-lazy="1" class="module_column tb-column col2-1 tb_li0c228 last">
                            <div  data-lazy="1" class="module_subrow themify_builder_sub_row tf_w col_align_middle tb_col_count_2 tb_fp3z530">
                <div  data-lazy="1" class="module_column sub_column col2-1 tb_0r2f531 first">
                            </div>
                    <div  data-lazy="1" class="module_column sub_column col2-1 tb_2nor531 last">
                    <!-- module text -->
<div  class="module module-text tb_e9nh531   " data-lazy="1">
        <div  class="tb_text_wrap">
        <p><strong>HERNÁNDEZ GOMAR, GUSTAVO (PP)</strong></p>
<p>Teniente de Alcalde</p>    </div>
</div>
<!-- /module text -->        </div>
                    </div>
                </div>
                        </div>
        </div>
                        <div  data-lazy="1" class="module_row themify_builder_row tb_2s3h303 tf_w">
                        <div class="row_inner col_align_middle tb_col_count_2 tf_box tf_rel">
                        <div  data-lazy="1" class="module_column tb-column col2-1 tb_evwl304 first">
                            <div  data-lazy="1" class="module_subrow themify_builder_sub_row tf_w col_align_middle tb_col_count_2 tb_y71p304">
                <div  data-lazy="1" class="module_column sub_column col2-1 tb_wcus305 first">
                            </div>
                    <div  data-lazy="1" class="module_column sub_column col2-1 tb_16ho305 last">
                    <!-- module text -->
<div  class="module module-text tb_64ry305   " data-lazy="1">
        <div  class="tb_text_wrap">
        <p><strong>MILLET PARDO, JOAN ALBERT (PP)</strong></p>
<p>Concejal</p>
    </div>
</div>
<!-- /module text -->        </div>
                    </div>
                </div>
                    <div  data-lazy="1" class="module_column tb-column col2-1 tb_4ukq305 last">
                            <div  data-lazy="1" class="module_subrow themify_builder_sub_row tf_w col_align_middle tb_col_count_2 tb_meyi306">
                <div  data-lazy="1" class="module_column sub_column col2-1 tb_0jg4306 first">
                            </div>
                    <div  data-lazy="1" class="module_column sub_column col2-1 tb_049x306 last">
                    <!-- module text -->
<div  class="module module-text tb_6n3x306   " data-lazy="1">
        <div  class="tb_text_wrap">
        <p><strong>REDONDO ESPARZA, ÓSCAR (PP)</strong></p>
<p>Concejal</p>    </div>
</div>
<!-- /module text -->        </div>
                    </div>
                </div>
                        </div>
        </div>
                        <div  data-lazy="1" class="module_row themify_builder_row tb_6ktz717 tf_w">
                        <div class="row_inner col_align_top tb_col_count_2 tf_box tf_rel">
                        <div  data-lazy="1" class="module_column tb-column col2-1 tb_le7l717 first">
                            <div  data-lazy="1" class="module_subrow themify_builder_sub_row tf_w col_align_middle tb_col_count_2 tb_n8yx718">
                <div  data-lazy="1" class="module_column sub_column col2-1 tb_luqk718 first">
                            </div>
                    <div  data-lazy="1" class="module_column sub_column col2-1 tb_c0vn718 last">
                    <!-- module text -->
<div  class="module module-text tb_ou2z718   " data-lazy="1">
        <div  class="tb_text_wrap">
        <p><strong>MENGUAL CORTELL, ARACELI (PP)</strong></p>
<p>Concejala</p>    </div>
</div>
<!-- /module text -->        </div>
                    </div>
                </div>
                    <div  data-lazy="1" class="module_column tb-column col2-1 tb_zhkv719 last">
                            <div  data-lazy="1" class="module_subrow themify_builder_sub_row tf_w col_align_middle tb_col_count_2 tb_mw46719">
                <div  data-lazy="1" class="module_column sub_column col2-1 tb_fdxv719 first">
                            </div>
                    <div  data-lazy="1" class="module_column sub_column col2-1 tb_gj7o719 last">
                    <!-- module text -->
<div  class="module module-text tb_6n7r720   " data-lazy="1">
        <div  class="tb_text_wrap">
        <p><strong>MENGUAL FENOLLAR, REGINA (PP)</strong></p>
<p>Concejala</p>    </div>
</div>
<!-- /module text -->        </div>
                    </div>
                </div>
                        </div>
        </div>
                        <div  data-lazy="1" class="module_row themify_builder_row tb_yagi940 tf_w">
                        <div class="row_inner col_align_middle tb_col_count_2 tf_box tf_rel">
                        <div  data-lazy="1" class="module_column tb-column col4-1 tb_tlx1940 first">
                    <!-- module image -->
<div  class="module module-image tb_hhzt940 image-top   tf_mw" data-lazy="1">
        <div class="image-wrap tf_rel tf_mw">
            <img loading="lazy" decoding="async" src="https://rafoldesalem.websaccesibles.eu/wp-content/uploads/sites/16/2022/11/foto-200-150-pp2-2.png" width="153" height="113" title="Corporacion Municipal" alt="Corporacion Municipal">    
        </div>
    <!-- /image-wrap -->
    
        </div>
<!-- /module image -->        </div>
                    <div  data-lazy="1" class="module_column tb-column col4-3 tb_3ex8941 last">
                    <!-- module text -->
<div  class="module module-text tb_rih5941   " data-lazy="1">
        <div  class="tb_text_wrap">
        <h2>Grupo Municipal PSPV-PSOE</h2>    </div>
</div>
<!-- /module text -->        </div>
                        </div>
        </div>
                        <div  data-lazy="1" class="module_row themify_builder_row tb_n8xq206 tf_w">
                        <div class="row_inner col_align_top tb_col_count_2 tf_box tf_rel">
                        <div  data-lazy="1" class="module_column tb-column col2-1 tb_mpaa206 first">
                    <!-- module text -->
<div  class="module module-text tb_k6pv207   " data-lazy="1">
        <div  class="tb_text_wrap">
        <p><strong>MARÍA DOLORES MATOSES PÉREZ (PSOE)</strong></p>
<p>Concejala</p>    </div>
</div>
<!-- /module text -->        </div>
                    <div  data-lazy="1" class="module_column tb-column col2-1 tb_518q207 last">
                            </div>
                        </div>
        </div>
                        <div  data-lazy="1" class="module_row themify_builder_row tb_wt25139 tf_w">
                        <div class="row_inner col_align_top tb_col_count_1 tf_box tf_rel">
                        <div  data-lazy="1" class="module_column tb-column col-full tb_vim7140 first">
                            </div>
                        </div>
        </div>
        </div>
<!--/themify_builder_content-->

<p>Corporación Municipal Grupo Municipal Partido Popular MENGUAL CORTELL, CAROLINA (PP) Alcaldesa HERNÁNDEZ GOMAR, GUSTAVO (PP) Teniente de Alcalde MILLET PARDO, JOAN ALBERT (PP) Concejal REDONDO ESPARZA, ÓSCAR (PP) Concejal MENGUAL CORTELL, ARACELI (PP) Concejala MENGUAL FENOLLAR, REGINA (PP) Concejala Grupo Municipal PSPV-PSOE MARÍA DOLORES MATOSES PÉREZ (PSOE) Concejala</p>

<h1>Corporación Municipal</h1>
<img src="https://rafoldesalem.websaccesibles.eu/wp-content/uploads/sites/16/2022/11/foto-200-150-pp2-1.png" width="153" height="112" title="Corporacion Municipal" alt="Corporacion Municipal">
<h2>Grupo Municipal Partido Popular</h2>
<img src="https://rafoldesalem.websaccesibles.eu/wp-content/uploads/sites/16/2022/11/alcalde-rafoldesalem-1.png" width="175" height="175" title="Corporacion Municipal" alt="Corporacion Municipal">
<p><strong>MENGUAL CORTELL, CAROLINA (PP)</strong></p> <p>Alcaldesa</p>
<p><strong>HERNÁNDEZ GOMAR, GUSTAVO (PP)</strong></p> <p>Teniente de Alcalde</p>
<p><strong>MILLET PARDO, JOAN ALBERT (PP)</strong></p> <p>Concejal</p>
<p><strong>REDONDO ESPARZA, ÓSCAR (PP)</strong></p> <p>Concejal</p>
<p><strong>MENGUAL CORTELL, ARACELI (PP)</strong></p> <p>Concejala</p>
<p><strong>MENGUAL FENOLLAR, REGINA (PP)</strong></p> <p>Concejala</p>
<img src="https://rafoldesalem.websaccesibles.eu/wp-content/uploads/sites/16/2022/11/foto-200-150-pp2-2.png" width="153" height="113" title="Corporacion Municipal" alt="Corporacion Municipal">
<h2>Grupo Municipal PSPV-PSOE</h2>
<p><strong>MARÍA DOLORES MATOSES PÉREZ (PSOE)</strong></p> <p>Concejala</p>
